se -33*s = -28*s + 35. What is the remainder when p(s) is divided by i?
12
Let z = 38 + -27. Let x = -15064 - -15238. What is the remainder when x is divided by z?
9
Suppose 0 = -y + 4*y - 63. Let a(z) = 48*z - 3857. What is the remainder when a(82) is divided by y?
16
Let t(j) = 3*j**2 + 5*j - 12. Suppose 56 = -5*u + 91. Let h = 19 - -24. What is the remainder when t(u) is divided by h?
41
Suppose -4*z + 4*o + 48 = 0, -4*z + 8*o + 12 = 13*o. Suppose -1218 + 482 = -z*p. Calculate the remainder when p is divided by 12.
8
Suppose -1 = x + 5*c + 2, 2*x - 4*c - 22 = 0. Let g(f) = 3*f - 13. Let w be g(x). Suppose 0 = 6*q - w*q + 84. Calculate the remainder when 81 is divided by q.
39
Let m = 448 + -432. What is the remainder when 205 is divided by m?
13
Let b = 174 + -177. Let c = -1386 + 2410. What is the remainder when c/10 - b/5 is divided by 26?
25
Let a = 26 - -10. Let p = 1055 - 1051. Suppose -4*n - p*d = -25 - 535, 5*n = 3*d + 724. Calculate the remainder when n is divided by a.
35
Suppose 4*q = -3*d + 37, 25*q - 5*d = 21*q + 77. What is the remainder when 5807 is divided by q?
9
Let b = 487 - 233. Let s be 183 + 4 + 3 + -4. Suppose b = 4*l - s. Calculate the remainder when l is divided by 19.
15
Suppose 19*r + 15*r + 5270 = 0. Let n = r - -162. Suppose -2 = -w + 3. What is the remainder when n is divided by w?
2
Suppose 244 = b - 6*b + 4*g, 5*b + 4*g + 236 = 0. Calculate the remainder when 69 is divided by (16/(-48))/(1/b).
5
Suppose -25*g = -139*g + 708 + 2256. What is the remainder when 2050 is divided by g?
22
Suppose -618 + 389 = -12*v + 419. What is the remainder when 138 is divided by v?
30
Let m = 48 - 33. Let i = 6989 + -6931. Calculate the remainder when i is divided by m.
13
Let v(n) = n**2 + 19*n + 40. What is the remainder when v(-20) is divided by 42/4*(-1)/(10/(-20))?
18
Let q(w) = w**3 - 4*w**2 - 15*w + 9. Suppose 105 = -83*v + 98*v. Calculate the remainder when q(v) is divided by 21.
9
Let a be (-2)/(-11) + 360/198. Suppose -3*z - a*z + 15 = 0. Suppose n - 352 = -z*n. What is the remainder when n is divided by 30?
28
Let x(z) = -z**2 + 2*z + 42. Let u be x(-6). Let d(f) = -8*f - 35. What is the remainder when d(u) is divided by 11?
2
Suppose 5*s - 107 = u - 177, 5*s + 310 = 4*u. Calculate the remainder when 1419 is divided by u.
59
Let y(x) be the second derivative of -10*x**3/3 - 9*x**2/2 + x. Suppose 7*s - 31 + 38 = 0. Calculate the remainder when 17 is divided by y(s).
6
Let u = -81 + 56. Let b = -27 - u. Calculate the remainder when (-22)/((-1 - b)*-1) is divided by 12.
10
Suppose 4*s + 9*s = 117. Let x = -1312 + 1786. What is the remainder when x is divided by s?
6
Let x(q) = -q**3 + 6*q**2 + 8*q - 3. Let z be x(7). What is the remainder when (0 + -1)*(z - 13) is divided by (18/15)/((-2)/(-5))?
0
Let i(t) = 1204*t - 10485. Calculate the remainder when 737 is divided by i(9).
35
Let g(z) = -6*z**2 - 1. Let a be g(1). Suppose -3*h + v = -51, -15*h - 2*v = -13*h - 42. Calculate the remainder when -3*(a - 4)*1 is divided by h.
15
Let g(o) = 7*o**3 - 19*o**2 + 15*o + 11. What is the remainder when 88 is divided by g(3)?
14
Let v = -1133 - -3673. Calculate the remainder when v is divided by 843.
11
Let s(o) be the first derivative of o**3 - 7*o**2/2 + o + 78. Let i be (20/6 - 2)*6. What is the remainder when s(i) is divided by 28?
25
Let n = 87 - 53. Let v be ((-6)/(-10))/(-12 + 1230/100). Calculate the remainder when n is divided by (-3 - -16) + (1 - v).
10
What is the remainder when (-2 + (-80)/(-32))*932 is divided by 13?
11
Let y = -66 + 66. Suppose 4*c + 8 = y, 2*u - 5*c - 55 = -3. What is the remainder when u is divided by 6?
3
Suppose 11*v = -12 - 21. Calculate the remainder when ((-130)/(-182))/(v/(-1239)) is divided by 37.
36
Let n be ((-7)/3)/((-28)/336). Suppose -4*p + 209 = j, -5*j = -3*p - 2*j + 168. What is the remainder when p is divided by (-6 - 21/n)/(1/(-4))?
26
Suppose 0*n - 17 = -5*p + 2*n, 3*p - 3*n - 3 = 0. Calculate the remainder when 33 is divided by p.
3
Suppose 2*p = -f + 45, -579*f + 3*p = -584*f + 239. Calculate the remainder when 119 is divided by f.
21
What is the remainder when (3*(-13)/15)/(16/(-5200)) is divided by 139?
11
Let z(h) = -3*h**3 + 33*h**2 - 11. What is the remainder when z(10) is divided by 38?
23
Let n = -98 - -101. Suppose 5*r = n*k - 5, 2*k + 0*k = 2*r + 10. Let p(s) = -20*s**3 + 2*s + 1. Calculate the remainder when p(-1) is divided by k.
9
Let l = -128 + 270. Suppose 8*w = l + 18. Calculate the remainder when 49 is divided by w.
9
Let d be -8*((21/(-6))/1 + 4). What is the remainder when (64/(-12) - d)/(6/(-549)) is divided by 31?
29
Suppose 14298 = 19*b - 2555. What is the remainder when b is divided by 307?
273
Let b(l) = 47*l**3 - 4*l**2 - l - 2. What is the remainder when b(2) is divided by 1?
0
Let y be (52/6)/(6/(-9)). Let i = 18 + y. Let r(h) = 106*h - 3070. What is the remainder when i is divided by r(29)?
1
Let o = 4843 - 4125. Calculate the remainder when o is divided by 18.
16
Let x be 1/(-2)*-2*2. Suppose -x*z = -3*z + 57. Let u(y) = -4*y - 56. Calculate the remainder when z is divided by u(-17).
9
Suppose -55*z + 52*z + 24 = 0. Let g(c) = 7*c**3 - 2*c**2 - c + 1. What is the remainder when g(2) is divided by (2 - 25/20)*z?
5
Let b(s) = -s**2 + 8*s - 8. Let g be (-8)/(-24) + 17/3. What is the remainder when 9/15 + -1 - 5328/(-370) is divided by b(g)?
2
Suppose -10*b + b + 189 = 0. Let f = -16 + b. Suppose 0 = 6*z - 5*z - l - 30, -f*l - 125 = -4*z. What is the remainder when 97 is divided by z?
22
Let y(m) = 14*m**2 + 101*m - 167. What is the remainder when 3243 is divided by y(-9)?
53
Suppose 3*y + 271 = y - h, 2*y + 5*h + 275 = 0. What is the remainder when (-8 + 6 - y)*(-6)/(-7) is divided by 9?
6
Suppose -5*a = 10, 0 = -5*b - 5*a - 10 + 15. Suppose 3*i - 4*c - 14 = -0*c, 0 = i - 4*c + 6. What is the remainder when i is divided by b?
1
Suppose -3*j - 2*r = -351, -j - 2*j = -3*r - 351. Let z = -103 + j. Calculate the remainder when 19/(((-1)/(-2))/1) is divided by z.
10
Suppose 2*r = 4*m - 278, 23*r = -5*m + 27*r + 340. What is the remainder when 258 is divided by m?
42
Let h = -1835 - -2000. Calculate the remainder when h is divided by 22.
11
Let b be 4/(3 + 1) + 4. Suppose -4*m = t - 14, 0 = t + b*m + 2 - 18. Calculate the remainder when 10 is divided by t.
4
Let l(v) = -4*v**3 + 2*v - 4. Let n = -15915 - -15949. What is the remainder when l(-3) is divided by n?
30
Let r be ((-5)/3)/(2 + 19/(-9)). Suppose 28*u - 27*u - w = r, 57 = 3*u + 3*w. Calculate the remainder when 80 is divided by u.
12
Let u be (4 + -3 - 0)/((-5)/(-730)). Suppose 7*k = -u - 414. Let g = 94 + k. Calculate the remainder when 65 is divided by g.
9
Let z = -12 - -25. Suppose 0 = -z*v + 7*v + 30. Suppose -q = -2*q - v*t + 153, 4 = 2*t. What is the remainder when q is divided by 48?
47
Let j(d) = 11 + 183*d**2 - 91*d**2 - 93*d**2 - 8*d - 7*d. Calculate the remainder when j(-13) is divided by 5.
2
Let j = 633 + -507. Suppose -270 = j*l - 135*l. What is the remainder when 88 is divided by l?
28
Let o = -11 + 6. Let w be (-20)/o*75/(-20). Calculate the remainder when 26 is divided by -1 - w - (1 + -2).
11
Suppose -2503 = -5*w - 4*r + 2897, -5*r + 3253 = 3*w. What is the remainder when w is divided by 83?
80
Let l(u) = -u**3 + 4*u**2 + 14*u + 49. Calculate the remainder when l(-10) is divided by 13.
9
Suppose 4*y = -28*l + 23*l + 2281, 4*y = 4*l - 1868. Calculate the remainder when l is divided by 15.
11
What is the remainder when 6979 is divided by 11/((-7)/(-3)*(-537)/(-6265))?
49
Suppose z - 5*q - 9 = 0, q - 36 = -4*z - 3*q. Let t be -1 + (-222)/(-27) + (-2)/z. Suppose 39 = t*j - 4*j. Calculate the remainder when j is divided by 7.
6
Suppose 5*r - 20 = 0, -3*d - 5*r = -7*d + 932. What is the remainder when d is divided by 145?
93
Suppose -453*c + 696 = -457*c. Let m = c - -194. Calculate the remainder when 79 is divided by m.
19
Let q(p) = -p**2 + 9*p - 6. Suppose -1660 = 5*j + 15*j. Let m = j - -97. What is the remainder when m is divided by q(7)?
6
Let g = 120 - -146. Let b = g - 77. Suppose 6*a + 39 = b. Calculate the remainder when 70 is divided by a.
20
Suppose 2*i = 5*g + 13449, -4*i + 4*g + 26913 = -g. Calculate the remainder when i is divided by 91.
89
Suppose -2*d = -5*i + 2*d + 1